+ 2. Suppose -5*u = -3*w + 88, p*w + 2*u = w + 152. What is the units digit of w?
6
Suppose y - 17 = 97. Suppose -2*o - y = -5*o. What is the units digit of o?
8
Let l(n) = -3*n**3 + 2*n**2 + 3*n**2 + 4*n**3 - 7*n - 4. Let z be l(-6). What is the units digit of z/2*(17 - -2)?
9
Let m(l) = -2*l + 2 + l**2 + 2*l**3 + l + 2*l**3. Let r be m(2). What is the tens digit of (-110)/(-9) - 8/r?
1
Suppose -i + 4*i = 159. Let z = 89 - i. What is the units digit of z?
6
Suppose 3*l - 28 = -11*l. Suppose 8*j + 172 = r + 13*j, l*j - 376 = -2*r. What is the tens digit of r?
9
Suppose -769 = -u - c - 2*c, 5*c = -3*u + 2295. Suppose -u = -25*i + 20*i. What is the units digit of i?
2
Let a(y) = -51*y**3 + 6*y**2 - 13*y - 37. What is the thousands digit of a(-3)?
1
Suppose 43*y - 37380 = -5904. What is the units digit of y?
2
Suppose 20*q - 62*q + 80262 = 0. What is the units digit of q?
1
Let c(b) = -b + 1. Let i be c(-2). Suppose -6*p + i*p = -342. Suppose 0 = -2*d + 5*a + 84, 5*d - 138 = 2*a + p. What is the units digit of d?
2
Let z = 1066 - 782. What is the units digit of z?
4
Let j(o) = o**2 + 6*o - 5. Let a = -3 + -4. Let k be j(a). What is the units digit of k*-1*(-46)/4?
3
Suppose 11*b - 2553 = -12*b. What is the hundreds digit of b?
1
Let d(q) = -q**3 - 10*q**2 - 15*q + 16. What is the units digit of d(-10)?
6
Suppose 4*k - 12 = -4*f, 4*f - 7 = -3*k - 0. What is the units digit of (-24)/6 + 49 + f?
3
Suppose 8*q - 13*q = -70. Let k(j) = j**3 - 13*j**2 - 6*j - 17. Let v be k(q). Suppose 0 = 2*g - v + 27. What is the tens digit of g?
3
Suppose 4*i - 20 = 0, 4*u = 3*i - 4*i + 257. Let h = -41 + u. What is the tens digit of h?
2
Let q = 23 + 627. What is the hundreds digit of q?
6
Suppose g + n + 1 = 4, 5*g + n = 15. Suppose -g*o = 2*h + h - 57, 2*o + 3*h - 40 = 0. Let c = o + 5. What is the units digit of c?
2
What is the hundreds digit of 6/(-5)*(-8310)/12?
8
What is the hundreds digit of 1 + (552 - (-7 - -1))?
5
Suppose 2*m + 5*t - 6 = 2*t, 9 = 3*m + 3*t. Suppose -4*v - 225 = -i, 2*v = -m*i + v + 623. What is the tens digit of i?
0
Suppose 6*t - 9*t = 282. What is the hundreds digit of (t/6)/(2/(-18))?
1
Let g(o) = o**3 - 4*o**2 + 15. What is the tens digit of g(7)?
6
Let l be (-132 - 0)*(-5 - -6). Let t = l - -246. What is the tens digit of t?
1
Suppose 3*n + 195 = 8*n. Let h = n - 4. What is the units digit of h?
5
Let p(j) = 9*j - 1. Let i(k) = -k. Let v(h) = 22*i(h) + 2*p(h). Let d be v(-4). What is the units digit of (-622)/(-14) + (-6)/d?
4
Suppose v - 28 = 5*q, 4*q = -2*v - 3*v - 5. Suppose -82 = -2*k + 2*z + v*z, 3*k - 4*z = 109. What is the tens digit of k?
3
Let m be 0 + -2*1/(-2). Let i(f) = 149 - 149 + 25*f**2 - f. What is the units digit of i(m)?
4
Let j(r) = -r**3 + 5*r**2 - 3*r - 4. Let p be j(4). Suppose 4*a = -4*u + 736, p = 4*a - u - 0*u - 721. What is the tens digit of a?
8
Let j(l) = -l - 9. Let d(s) = s**3 + 6*s**2 + 2*s - 4. Let x be d(-6). What is the units digit of j(x)?
7
Let h = -38 - -23. Let v(r) = r**3 + 15*r**2 + 4*r + 8. Let f be v(h). What is the tens digit of (-2 - 1)/(12/f)?
1
Let p(l) = -6*l + 1. Let j be 18/45 + 22/(-5). What is the tens digit of p(j)?
2
Suppose -6033 = -3*m - l + 8608, -5*m - 5*l + 24395 = 0. What is the units digit of m?
1
Let i(t) = -t**2 + 0*t + 2 + 2 - 4*t + 0*t**2. What is the units digit of i(-4)?
4
Let q be (115/3*3 + -1)*-1. Let n = -58 - q. What is the units digit of n?
6
Let w be 29/87*(10 + -1). Suppose -4*t + 267 = 4*s - 413, -w = 3*t. What is the hundreds digit of s?
1
Suppose 0 = 15*g - 46 - 14. Suppose 0*n = -g*n + 856. What is the tens digit of n?
1
Suppose b + 8537 = 3*z, -4*z + 2*b + 4047 + 7337 = 0. What is the tens digit of z?
4
Let j(q) = -q - 3 - q**2 - 36*q**2 - 10*q**2 + 3*q**2. Let r(c) = -87*c**2 - 2*c - 7. Let d(o) = -9*j(o) + 4*r(o). What is the units digit of d(1)?
8
Let r(k) = -3*k**3 - 6*k**2 - k - 1. Suppose -3*s = -8*s - 20. What is the tens digit of r(s)?
9
Let m = 10 - 7. Suppose 4*f - 203 = m*y, -5*f + f = -4*y - 200. What is the tens digit of f?
5
Suppose 0 = -5*x + 2*v + 8, -x = -0*v + 2*v + 8. Suppose 5*h - 225 = -4*p, -p + 4*p = x. What is the tens digit of h?
4
Let k(b) = b**2 + 2*b + 1. Let l be k(-3). Suppose o - 2 = l. Suppose 2*r + o = 5*y - 130, -y + 2*r = -24. What is the units digit of y?
8
Suppose -4*p - 20 = -2*w, -8 + 33 = -4*w - 5*p. Let d be (3 - 3)/(-2 - w). Suppose -n = -d*n - 51. What is the units digit of n?
1
Suppose 8 = 6*j - 2*j. Let y be 6/(1 + j) - -2. What is the tens digit of 280/12*6/y?
3
Suppose 5*z - 16 = 9, -5*c + 2*z = -735. What is the units digit of -1*(8/2 - c)?
5
Let l be 74*(-2)/12*(0 + -6). Let p = l + -11. What is the tens digit of p?
6
Suppose 25 = 26*c - 21*c. Suppose -7*p = 3*z - c*p - 278, 2*z + 2*p = 184. What is the tens digit of z?
9
Suppose 5*i - 169 = -59. Let p = i + 70. What is the tens digit of p?
9
Let p be 2936/(-10) - (2 - (-24)/(-15)). Let m = p + 595. What is the tens digit of m?
0
What is the hundreds digit of 10 + 29214/6 - 8?
8
Let c = 850 - 460. What is the units digit of c?
0
Let z = -24 + 31. Let d = z - 1. What is the units digit of d?
6
Let d = 1234 + -480. What is the hundreds digit of d?
7
Suppose -366 = -2*k + 2*g, k - 178 = -7*g + 3*g. What is the tens digit of k?
8
Let a(j) = j**3 + 15*j**2 - 18*j - 35. Let z be a(-16). Let i(m) be the second derivative of -5*m**3/6 - 3*m**2 + m. What is the units digit of i(z)?
9
Let u(i) = -i + 7. Let s be u(4). Suppose 4*g - 20 = 5*n + 8, -3*g - 14 = 5*n. Suppose -2*l + 5*a = g*l - 121, 4*l + s*a = 113. What is the units digit of l?
9
Suppose 3*f + 3*y = 5*f + 20, 2*y + 24 = -f. What is the units digit of 8/f + (-161)/(-2)?
0
Let w(m) = m**3 + 12*m**2 + 5*m + 1. Let b be w(-12). Let x be 8/(-12) - b/3. Suppose 4*j - x = -t, -2*j + 2*t - 8 = -4*j. What is the units digit of j?
5
Suppose -1095 = 2*h - 7*h. Suppose h = 4*x - 157. What is the units digit of x?
4
Let m(s) = -3*s - 2. Let v be m(-2). Suppose o + 12 = -6*c + 2*c, -24 = -2*o + v*c. Suppose -5 = -o*h + 7. What is the units digit of h?
3
Suppose 45*i - 1932 = 39*i. What is the tens digit of i?
2
Let c be ((-42)/(-24))/1 + 3/(-4). What is the units digit of (-3614)/(-13)*(c/2 + 0)?
9
Suppose 3*m = -0*m - 6. What is the units digit of (5/m)/(2/(-68))?
5
Suppose n - 651 = -4*n - 2*a, 5*a - 645 = -5*n. Let i = 190 - n. Suppose l = -3*l + 3*v + 80, -2*v = -3*l + i. What is the tens digit of l?
1
Suppose 3*d + 335 = 59. What is the tens digit of 0/2 - d/4?
2
Let t(n) = n**3 - n**2 - 8. Let q be t(0). Let k(d) = d**2 - 6*d - 6. What is the tens digit of k(q)?
0
Let j(l) = -44*l**2 + 3 + 2 + 7*l + 45*l**2. What is the tens digit of j(-13)?
8
Let v(x) = 2*x**3 - 2*x**2 - 3*x + 2. Let d be v(2). Suppose s = -d - 1. Let r(c) = c**2 - 3*c - 4. What is the tens digit of r(s)?
3
Let h be -1*18*-5 - -3. Suppose h = -z + 4*z. Suppose 83 = 2*i + z. What is the tens digit of i?
2
What is the tens digit of 2*((-5847)/(-54) + (-14)/(-63))?
1
Let s = -1881 - -2817. Suppose -14*g + 18*g = s. What is the units digit of g?
4
Let h(k) = -k**2 + 3*k - 7. Let t(j) = 2*j**2 - 6*j + 15. Let m(l) = -5*h(l) - 2*t(l). What is the units digit of m(-4)?
3
Let q be (-2 + 1)/(-1) - -2. Let f be -10 + 0/q + 0. Let x = f + 39. What is the tens digit of x?
2
Let v(k) be the first derivative of -1/4*k**4 + 3/2*k**2 + 4 + 0*k + 4/3*k**3. What is the tens digit of v(4)?
1
Suppose -2*u = 3*f - 16, f + 4*u + 7 - 29 = 0. Suppose 2*x = -4*w - x + 411, -2*w + 208 = f*x. What is the tens digit of w?
9
Let b(n) = n**3 + 13*n**2 + 14*n + 14. Let f be b(-12). Let h be 1172/20 + 6/f. Let w = h + -41. What is the tens digit of w?
1
Suppose 1232 = 2*r - 2*c, 3*c - 1212 = 4*r - 6*r. What is the hundreds digit of r?
6
Suppose 0 = -w - 5*s + 26, -w + 3*s = 2*s - 32. Suppose 0 = 2*u + 5*c - 0*c - w, 2*c = 4*u - 122. What is the tens digit of u?
2
Suppose 3*w = -3*l + 918, -306 = -6*l + 5*l - 3*w. What is the units digit of l?
6
Let q(p) = -p**3 + 8*p**2 - 8*p + 9. Let y be q(7). Suppose -5*u + v - 3 - 13 = 0, -5*v - 16 = -u. What is the units digit of (y - -27) + u + 1?
6
Let h be (-4)/18 - (-1071)/81. Suppose 2*n + 2*g - h = g, 3*g + 15 = 3*n. Suppose 0 = 9*w - n*w - 99. What is the units digit of w?
3
Suppose 0 = 3*i + 5*i - 688. Let n = i + -59. What i